{"id":47067,"date":"2024-09-06T16:43:27","date_gmt":"2024-09-06T23:43:27","guid":{"rendered":"https:\/\/www.nlacrc.org\/?post_type=tribe_events&#038;p=47067"},"modified":"2024-09-06T16:43:27","modified_gmt":"2024-09-06T23:43:27","slug":"all-abilities-resource-fair-ffrc","status":"publish","type":"tribe_events","link":"https:\/\/nlacrc.org\/es\/calendar\/all-abilities-resource-fair-ffrc\/","title":{"rendered":"Feria de recursos para todas las capacidades (FFRC)"},"content":{"rendered":"<h2>\u00a1Acomp\u00e1\u00f1anos en nuestra Feria de Recursos para Personas con Discapacidad el 19 de octubre!<\/h2>\n<h2>Los asistentes no necesitan registrarse, \u00a1simplemente vengan!<\/h2>\n<p>En la Feria de Recursos para Personas con Discapacidades de CSUN, nos dedicamos a crear un ambiente inclusivo y acogedor donde cada familia se sienta valorada y apoyada. Nuestra feria ofrece una oportunidad \u00fanica para que las familias se re\u00fanan, accedan a una gran cantidad de recursos para personas con discapacidad y obtengan servicios profesionales, todo en un mismo lugar. Creemos en el empoderamiento de las personas con discapacidades y en el fomento de un sentido de comunidad a trav\u00e9s de la educaci\u00f3n, el apoyo y la conexi\u00f3n. Acomp\u00e1\u00f1enos en un d\u00eda de descubrimiento, aprendizaje y empoderamiento, donde cada familia podr\u00e1 encontrar los recursos y servicios que necesita para prosperar.<\/p>\n<p><a href=\"https:\/\/engage.csun.edu\/all_abilities_resource_fair_2024\">Ya est\u00e1n disponibles las oportunidades de patrocinio.<\/a>\u00a1El registro para expositores se abrir\u00e1 el 15 de julio de 2024 y el n\u00famero de plazas es limitado, as\u00ed que reserve su mesa con anticipaci\u00f3n!<\/p>","protected":false},"excerpt":{"rendered":"\u00a1\u00danase a nosotros en nuestra Feria de recursos para todas las capacidades el 19 de octubre! Los asistentes no necesitan registrarse, \u00a1solo vengan! [\u2026]","protected":false},"author":61,"featured_media":0,"template":"","meta":{"_acf_changed":false,"advgb_blocks_editor_width":"","advgb_blocks_columns_visual_guide":"","_EventAllDay":false,"_EventTimezone":"America\/Los_Angeles","_EventStartDate":"2024-10-19 11:00:00","_EventEndDate":"2024-10-19 14:00:00","_EventStartDateUTC":"2024-10-19 18:00:00","_EventEndDateUTC":"2024-10-19 21:00:00","_EventShowMap":false,"_EventShowMapLink":false,"_EventURL":"","_EventCost":"","_EventCostDescription":"","_EventCurrencySymbol":"$","_EventCurrencyCode":"USD","_EventCurrencyPosition":"prefix","_EventDateTimeSeparator":"","_EventTimeRangeSeparator":"","_EventOrganizerID":[],"_EventVenueID":[],"_OrganizerEmail":"","_OrganizerPhone":"","_OrganizerWebsite":"","_VenueAddress":"","_VenueCity":"","_VenueCountry":"","_VenueProvince":"","_VenueState":"","_VenueZip":"","_VenuePhone":"","_VenueURL":"","_VenueStateProvince":"","_VenueLat":"","_VenueLng":"","_VenueShowMap":false,"_VenueShowMapLink":false,"_tribe_blocks_recurrence_rules":"","_tribe_blocks_recurrence_description":"","_tribe_blocks_recurrence_exclusions":"","_tribe_events_status":"","_tribe_events_status_reason":"","_tribe_events_is_hybrid":"","_tribe_events_is_virtual":"","_tribe_events_virtual_video_source":"","_tribe_events_virtual_embed_video":"","_tribe_events_virtual_linked_button_text":"","_tribe_events_virtual_linked_button":"","_tribe_events_virtual_show_embed_at":"","_tribe_events_virtual_show_embed_to":[],"_tribe_events_virtual_show_on_event":"","_tribe_events_virtual_show_on_views":"","_tribe_events_virtual_url":"","footnotes":""},"tags":[],"tribe_events_cat":[587],"class_list":["post-47067","tribe_events","type-tribe_events","status-publish","hentry","tribe_events_cat-community","cat_community"],"acf":[],"yoast_head":"<!-- This site is optimized with the Yoast SEO plugin v26.4 - https:\/\/yoast.com\/wordpress\/plugins\/seo\/ -->\n<title>All Abilities Resource Fair (FFRC) - North Los Angeles County<\/title>\n<meta name=\"description\" content=\"All Abilities Resource Fair (FFRC) - Join us at our All Abilities Resource Fair on October 19th! Attendees do not need to register \u2013 just come! At CSUN\u2019s All Abilities Resource Fair, we are\" \/>\n<meta name=\"robots\" content=\"noindex, follow\" \/>\n<meta property=\"og:locale\" content=\"es_MX\" \/>\n<meta property=\"og:type\" content=\"article\" \/>\n<meta property=\"og:title\" content=\"All Abilities Resource Fair (FFRC) - North Los Angeles County\" \/>\n<meta property=\"og:description\" content=\"All Abilities Resource Fair (FFRC) - Join us at our All Abilities Resource Fair on October 19th! Attendees do not need to register \u2013 just come! At CSUN\u2019s All Abilities Resource Fair, we are\" \/>\n<meta property=\"og:url\" content=\"https:\/\/nlacrc.org\/es\/calendar\/all-abilities-resource-fair-ffrc\/\" \/>\n<meta property=\"og:site_name\" content=\"North Los Angeles County\" \/>\n<meta property=\"article:publisher\" content=\"https:\/\/www.facebook.com\/NLACRC\/\" \/>\n<meta name=\"twitter:card\" content=\"summary_large_image\" \/>\n<meta name=\"twitter:site\" content=\"@NLACRC\" \/>\n<meta name=\"twitter:label1\" content=\"Est. reading time\" \/>\n\t<meta name=\"twitter:data1\" content=\"1 minuto\" \/>\n<script type=\"application\/ld+json\" class=\"yoast-schema-graph\">{\"@context\":\"https:\/\/schema.org\",\"@graph\":[{\"@type\":\"WebPage\",\"@id\":\"https:\/\/nlacrc.org\/calendar\/all-abilities-resource-fair-ffrc\/\",\"url\":\"https:\/\/nlacrc.org\/calendar\/all-abilities-resource-fair-ffrc\/\",\"name\":\"All Abilities Resource Fair (FFRC) - North Los Angeles County\",\"isPartOf\":{\"@id\":\"https:\/\/www.nlacrc.org\/fa\/#website\"},\"datePublished\":\"2024-09-06T23:43:27+00:00\",\"description\":\"All Abilities Resource Fair (FFRC) - Join us at our All Abilities Resource Fair on October 19th! Attendees do not need to register \u2013 just come! At CSUN\u2019s All Abilities Resource Fair, we are\",\"breadcrumb\":{\"@id\":\"https:\/\/nlacrc.org\/calendar\/all-abilities-resource-fair-ffrc\/#breadcrumb\"},\"inLanguage\":\"es\",\"potentialAction\":[{\"@type\":\"ReadAction\",\"target\":[\"https:\/\/nlacrc.org\/calendar\/all-abilities-resource-fair-ffrc\/\"]}]},{\"@type\":\"BreadcrumbList\",\"@id\":\"https:\/\/nlacrc.org\/calendar\/all-abilities-resource-fair-ffrc\/#breadcrumb\",\"itemListElement\":[{\"@type\":\"ListItem\",\"position\":1,\"name\":\"Home\",\"item\":\"https:\/\/www.nlacrc.org\/fa\/\"},{\"@type\":\"ListItem\",\"position\":2,\"name\":\"Events\",\"item\":\"https:\/\/www.nlacrc.org\/fa\/%d8%aa%d9%82%d9%88%db%8c%d9%85\/\"},{\"@type\":\"ListItem\",\"position\":3,\"name\":\"All Abilities Resource Fair (FFRC)\"}]},{\"@type\":\"WebSite\",\"@id\":\"https:\/\/www.nlacrc.org\/fa\/#website\",\"url\":\"https:\/\/www.nlacrc.org\/fa\/\",\"name\":\"North Los Angeles County\",\"description\":\"Regional Center\",\"publisher\":{\"@id\":\"https:\/\/www.nlacrc.org\/fa\/#organization\"},\"potentialAction\":[{\"@type\":\"SearchAction\",\"target\":{\"@type\":\"EntryPoint\",\"urlTemplate\":\"https:\/\/www.nlacrc.org\/fa\/?s={search_term_string}\"},\"query-input\":{\"@type\":\"PropertyValueSpecification\",\"valueRequired\":true,\"valueName\":\"search_term_string\"}}],\"inLanguage\":\"es\"},{\"@type\":\"Organization\",\"@id\":\"https:\/\/www.nlacrc.org\/fa\/#organization\",\"name\":\"North Los Angeles County\",\"url\":\"https:\/\/www.nlacrc.org\/fa\/\",\"logo\":{\"@type\":\"ImageObject\",\"inLanguage\":\"es\",\"@id\":\"https:\/\/www.nlacrc.org\/fa\/#\/schema\/logo\/image\/\",\"url\":\"https:\/\/www.nlacrc.org\/wp-content\/uploads\/2024\/06\/logo.svg\",\"contentUrl\":\"https:\/\/www.nlacrc.org\/wp-content\/uploads\/2024\/06\/logo.svg\",\"width\":131,\"height\":130,\"caption\":\"North Los Angeles County\"},\"image\":{\"@id\":\"https:\/\/www.nlacrc.org\/fa\/#\/schema\/logo\/image\/\"},\"sameAs\":[\"https:\/\/www.facebook.com\/NLACRC\/\",\"https:\/\/x.com\/NLACRC\"]}]}<\/script>\n<!-- \/ Yoast SEO plugin. -->","yoast_head_json":{"title":"Feria de Recursos para Personas con Discapacidades (FFRC) - Condado Norte de Los \u00c1ngeles","description":"Feria de Recursos para Todas las Habilidades (FFRC) - \u00a1\u00danase a nosotros en nuestra Feria de Recursos para Todas las Habilidades el 19 de octubre! Los asistentes no necesitan registrarse, \u00a1solo vengan! En la Feria de Recursos para Todas las Habilidades de CSUN, estamos","robots":{"index":"noindex","follow":"follow"},"og_locale":"es_MX","og_type":"article","og_title":"All Abilities Resource Fair (FFRC) - North Los Angeles County","og_description":"All Abilities Resource Fair (FFRC) - Join us at our All Abilities Resource Fair on October 19th! Attendees do not need to register \u2013 just come! At CSUN\u2019s All Abilities Resource Fair, we are","og_url":"https:\/\/nlacrc.org\/es\/calendar\/all-abilities-resource-fair-ffrc\/","og_site_name":"North Los Angeles County","article_publisher":"https:\/\/www.facebook.com\/NLACRC\/","twitter_card":"summary_large_image","twitter_site":"@NLACRC","twitter_misc":{"Est. reading time":"1 minuto"},"schema":{"@context":"https:\/\/schema.org","@graph":[{"@type":"WebPage","@id":"https:\/\/nlacrc.org\/calendar\/all-abilities-resource-fair-ffrc\/","url":"https:\/\/nlacrc.org\/calendar\/all-abilities-resource-fair-ffrc\/","name":"Feria de Recursos para Personas con Discapacidades (FFRC) - Condado Norte de Los \u00c1ngeles","isPartOf":{"@id":"https:\/\/www.nlacrc.org\/fa\/#website"},"datePublished":"2024-09-06T23:43:27+00:00","description":"Feria de Recursos para Todas las Habilidades (FFRC) - \u00a1\u00danase a nosotros en nuestra Feria de Recursos para Todas las Habilidades el 19 de octubre! Los asistentes no necesitan registrarse, \u00a1solo vengan! En la Feria de Recursos para Todas las Habilidades de CSUN, estamos","breadcrumb":{"@id":"https:\/\/nlacrc.org\/calendar\/all-abilities-resource-fair-ffrc\/#breadcrumb"},"inLanguage":"es","potentialAction":[{"@type":"ReadAction","target":["https:\/\/nlacrc.org\/calendar\/all-abilities-resource-fair-ffrc\/"]}]},{"@type":"BreadcrumbList","@id":"https:\/\/nlacrc.org\/calendar\/all-abilities-resource-fair-ffrc\/#breadcrumb","itemListElement":[{"@type":"ListItem","position":1,"name":"Home","item":"https:\/\/www.nlacrc.org\/fa\/"},{"@type":"ListItem","position":2,"name":"Events","item":"https:\/\/www.nlacrc.org\/fa\/%d8%aa%d9%82%d9%88%db%8c%d9%85\/"},{"@type":"ListItem","position":3,"name":"All Abilities Resource Fair (FFRC)"}]},{"@type":"WebSite","@id":"https:\/\/www.nlacrc.org\/fa\/#website","url":"https:\/\/www.nlacrc.org\/fa\/","name":"Norte del condado de Los \u00c1ngeles","description":"Centro Regional","publisher":{"@id":"https:\/\/www.nlacrc.org\/fa\/#organization"},"potentialAction":[{"@type":"SearchAction","target":{"@type":"EntryPoint","urlTemplate":"https:\/\/www.nlacrc.org\/fa\/?s={search_term_string}"},"query-input":{"@type":"PropertyValueSpecification","valueRequired":true,"valueName":"search_term_string"}}],"inLanguage":"es"},{"@type":"Organization","@id":"https:\/\/www.nlacrc.org\/fa\/#organization","name":"Norte del condado de Los \u00c1ngeles","url":"https:\/\/www.nlacrc.org\/fa\/","logo":{"@type":"ImageObject","inLanguage":"es","@id":"https:\/\/www.nlacrc.org\/fa\/#\/schema\/logo\/image\/","url":"https:\/\/www.nlacrc.org\/wp-content\/uploads\/2024\/06\/logo.svg","contentUrl":"https:\/\/www.nlacrc.org\/wp-content\/uploads\/2024\/06\/logo.svg","width":131,"height":130,"caption":"North Los Angeles County"},"image":{"@id":"https:\/\/www.nlacrc.org\/fa\/#\/schema\/logo\/image\/"},"sameAs":["https:\/\/www.facebook.com\/NLACRC\/","https:\/\/x.com\/NLACRC"]}]}},"featured_img":false,"coauthors":[],"author_meta":{"author_link":"https:\/\/nlacrc.org\/es\/author\/jvanderiet\/","display_name":"jvanderiet"},"relative_dates":{"created":"Publicado 2 a\u00f1os hace","modified":"Actualizado 2 a\u00f1os hace"},"absolute_dates":{"created":"Publicado el septiembre 6, 2024","modified":"Actualizado el septiembre 6, 2024"},"absolute_dates_time":{"created":"Publicado el septiembre 6, 2024 4:43 pm","modified":"Actualizado el septiembre 6, 2024 4:43 pm"},"featured_img_caption":"","tax_additional":{"post_tag":{"linked":[],"unlinked":[],"slug":"post_tag","name":"Etiquetas"},"tribe_events_cat":{"linked":["<a href=\"https:\/\/nlacrc.org\/es\/calendar\/categoria\/events\/community\/\" class=\"advgb-post-tax-term\">Community<\/a>"],"unlinked":["<span class=\"advgb-post-tax-term\">Community<\/span>"],"slug":"tribe_events_cat","name":"Categor\u00edas de Evento"}},"series_order":"","_links":{"self":[{"href":"https:\/\/nlacrc.org\/es\/wp-json\/wp\/v2\/tribe_events\/47067","targetHints":{"allow":["GET"]}}],"collection":[{"href":"https:\/\/nlacrc.org\/es\/wp-json\/wp\/v2\/tribe_events"}],"about":[{"href":"https:\/\/nlacrc.org\/es\/wp-json\/wp\/v2\/types\/tribe_events"}],"author":[{"embeddable":true,"href":"https:\/\/nlacrc.org\/es\/wp-json\/wp\/v2\/users\/61"}],"version-history":[{"count":2,"href":"https:\/\/nlacrc.org\/es\/wp-json\/wp\/v2\/tribe_events\/47067\/revisions"}],"predecessor-version":[{"id":47069,"href":"https:\/\/nlacrc.org\/es\/wp-json\/wp\/v2\/tribe_events\/47067\/revisions\/47069"}],"wp:attachment":[{"href":"https:\/\/nlacrc.org\/es\/wp-json\/wp\/v2\/media?parent=47067"}],"wp:term":[{"taxonomy":"post_tag","embeddable":true,"href":"https:\/\/nlacrc.org\/es\/wp-json\/wp\/v2\/tags?post=47067"},{"taxonomy":"tribe_events_cat","embeddable":true,"href":"https:\/\/nlacrc.org\/es\/wp-json\/wp\/v2\/tribe_events_cat?post=47067"}],"curies":[{"name":"wp","href":"https:\/\/api.w.org\/{rel}","templated":true}]}}

<h2>¡Acompáñanos en nuestra Feria de Recursos para Personas con Discapacidad el 19 de octubre!</h2>
<h2>Los asistentes no necesitan registrarse, ¡simplemente vengan!</h2>
<p>En la Feria de Recursos para Personas con Discapacidades de CSUN, nos dedicamos a crear un ambiente inclusivo y acogedor donde cada familia se sienta valorada y apoyada. Nuestra feria ofrece una oportunidad única para que las familias se reúnan, accedan a una gran cantidad de recursos para personas con discapacidad y obtengan servicios profesionales, todo en un mismo lugar. Creemos en el empoderamiento de las personas con discapacidades y en el fomento de un sentido de comunidad a través de la educación, el apoyo y la conexión. Acompáñenos en un día de descubrimiento, aprendizaje y empoderamiento, donde cada familia podrá encontrar los recursos y servicios que necesita para prosperar.</p>
<p><a href="https://engage.csun.edu/all_abilities_resource_fair_2024">Ya están disponibles las oportunidades de patrocinio.</a>¡El registro para expositores se abrirá el 15 de julio de 2024 y el número de plazas es limitado, así que reserve su mesa con anticipación!</p>

¡Únase a nosotros en nuestra Feria de recursos para todas las capacidades el 19 de octubre! Los asistentes no necesitan registrarse, ¡solo vengan! […]

Feria de Recursos para Personas con Discapacidades (FFRC) - Condado Norte de Los Ángeles

Feria de Recursos para Todas las Habilidades (FFRC) - ¡Únase a nosotros en nuestra Feria de Recursos para Todas las Habilidades el 19 de octubre! Los asistentes no necesitan registrarse, ¡solo vengan! En la Feria de Recursos para Todas las Habilidades de CSUN, estamos

Norte del condado de Los Ángeles

Publicado 2 años hace

Actualizado 2 años hace

Categorías de Evento
